{"id":13638,"date":"2022-07-15T21:43:05","date_gmt":"2022-07-15T21:43:05","guid":{"rendered":"https:\/\/www.aauniv.com\/s\/?page_id=13638\/"},"modified":"2022-07-25T05:38:00","modified_gmt":"2022-07-25T05:38:00","slug":"escuela-de-ingenierias","status":"publish","type":"page","link":"https:\/\/www.aauniv.com\/s\/doctorados-pos-doctorados\/escuela-de-ingenierias\/","title":{"rendered":"Escuela de Ingenier\u00edas"},"content":{"rendered":"<section class=\"wpb-content-wrapper\"><p>[vc_row gap=\u00bb30&#8243; css=\u00bb.vc_custom_1496762549335{padding-top: 80px !important;padding-bottom: 10px !important;}\u00bb][vc_column width=\u00bb1\/3&#8243;][vc_row_inner css=\u00bb.vc_custom_1496761117343{margin-bottom: 10px !important;border-bottom-width: 1px !important;padding-bottom: 0px !important;background-color: #eeeeee !important;border-bottom-color: #dddddd !important;border-bottom-style: solid !important;}\u00bb][vc_column_inner width=\u00bb1\/4&#8243; css=\u00bb.vc_custom_1496762853974{margin-bottom: 0px !important;padding-bottom: 0px !important;}\u00bb][vc_icon icon_fontawesome=\u00bbfa fa-map-o\u00bb color=\u00bbcustom\u00bb size=\u00bblg\u00bb custom_color=\u00bb#3a424d\u00bb css=\u00bb.vc_custom_1496762899266{margin-bottom: 0px !important;padding-bottom: 0px !important;}\u00bb][vc_icon icon_fontawesome=\u00bbfa fa-map-o\u00bb color=\u00bbcustom\u00bb size=\u00bblg\u00bb custom_color=\u00bb#3a424d\u00bb css=\u00bb.vc_custom_1496762899266{margin-bottom: 0px !important;padding-bottom: 0px !important;}\u00bb][\/vc_column_inner][vc_column_inner width=\u00bb3\/4&#8243;][vc_column_text]<strong>NUESTRA OFICINA<\/strong><br \/>\n1108 Fort Street Mall Suite 3<br \/>\nHonolulu Hawaii 96813<br \/>\nEstados Unidos[\/vc_column_text][\/vc_column_inner][\/vc_row_inner][vc_row_inner css=\u00bb.vc_custom_1496761123027{margin-bottom: 10px !important;border-bottom-width: 1px !important;background-color: #eeeeee !important;border-bottom-color: #dddddd !important;border-bottom-style: solid !important;}\u00bb][vc_column_inner width=\u00bb1\/4&#8243;][vc_icon icon_fontawesome=\u00bbfa fa-phone\u00bb color=\u00bbcustom\u00bb size=\u00bblg\u00bb custom_color=\u00bb#3a424d\u00bb css=\u00bb.vc_custom_1496762931028{margin-bottom: 0px !important;padding-bottom: 0px !important;}\u00bb][\/vc_column_inner][vc_column_inner width=\u00bb3\/4&#8243;][vc_column_text]<strong>N\u00daMERO<\/strong><\/p>\n<p><img decoding=\"async\" loading=\"lazy\" id=\"m_9127722115805440339Imagen_x0020_1\" class=\"CToWUd\" src=\"https:\/\/www.aauniv.com\/s\/wp-content\/uploads\/icon-whatsapp.png\" width=\"15\" height=\"15\" border=\"0\" data-image-whitelisted=\"\" \/>\u00a0<a href=\"https:\/\/api.whatsapp.com\/send?phone=18084646658&amp;text=American%20Andragogy%20University%20-%20Hawaii%20-%20Estados%20Unidos,%20le%20saluda.%20Estaremos%20respondiendo%20lo%20antes%20posible,%20d\u00e9jenos%20un%20mensaje%20con:%20Nombres%20y%20apellido%20\/%20Programa%20de%20inter\u00e9s:%20Diplomado%20-%20Licenciatura%20-%20Maestria%20-%20Doctorado%20-%20Posdoctorado%20\/%20\u00c1rea%20de%20estudios%20de%20inter\u00e9s\">+1 808 4646658<\/a><\/p>\n<p><img decoding=\"async\" loading=\"lazy\" id=\"m_9127722115805440339Imagen_x0020_2\" class=\"CToWUd\" src=\"https:\/\/www.aauniv.com\/s\/wp-content\/uploads\/icon-whatsapp.png\" width=\"15\" height=\"15\" border=\"0\" data-image-whitelisted=\"\" \/>\u00a0<a href=\"https:\/\/api.whatsapp.com\/send?phone=18086994618&amp;text=American%20Andragogy%20University%20-%20Hawaii%20-%20Estados%20Unidos,%20le%20saluda.%20Estaremos%20respondiendo%20lo%20antes%20posible,%20d\u00e9jenos%20un%20mensaje%20con:%20Nombres%20y%20apellido%20\/%20Programa%20de%20inter\u00e9s:%20Diplomado%20-%20Licenciatura%20-%20Maestria%20-%20Doctorado%20-%20Posdoctorado%20\/%20\u00c1rea%20de%20estudios%20de%20inter\u00e9s\">+1 808 6994618<\/a>[\/vc_column_text][\/vc_column_inner][\/vc_row_inner][vc_row_inner css=\u00bb.vc_custom_1496761128158{margin-bottom: 10px !important;border-bottom-width: 1px !important;background-color: #eeeeee !important;border-bottom-color: #dddddd !important;border-bottom-style: solid !important;}\u00bb][vc_column_inner width=\u00bb1\/4&#8243;][vc_icon icon_fontawesome=\u00bbfa fa-envelope-o\u00bb color=\u00bbcustom\u00bb size=\u00bblg\u00bb custom_color=\u00bb#3a424d\u00bb css=\u00bb.vc_custom_1496762942626{margin-bottom: 0px !important;padding-bottom: 0px !important;}\u00bb][\/vc_column_inner][vc_column_inner width=\u00bb3\/4&#8243;][vc_column_text]<strong>CONTACTARNOS<\/strong><br \/>\n<a href=\"https:\/\/www.aauniv.com\/s\/contactanos\/\"><strong>Ir al formulario<\/strong><\/a>[\/vc_column_text][\/vc_column_inner][\/vc_row_inner][vc_row_inner css=\u00bb.vc_custom_1496761123027{margin-bottom: 10px !important;border-bottom-width: 1px !important;background-color: #eeeeee !important;border-bottom-color: #dddddd !important;border-bottom-style: solid !important;}\u00bb][vc_column_inner width=\u00bb1\/4&#8243;][vc_icon icon_fontawesome=\u00bbfa fa-headphones\u00bb color=\u00bbcustom\u00bb size=\u00bblg\u00bb custom_color=\u00bb#3a424d\u00bb css=\u00bb.vc_custom_1603176236710{margin-bottom: 0px !important;padding-bottom: 0px !important;}\u00bb][\/vc_column_inner][vc_column_inner width=\u00bb3\/4&#8243;][vc_column_text]<strong>PREGUNTAS MAS FRECUENTES:<\/strong><\/p>\n<p><b>Escuchar por nuestro podcast:<\/b><\/p>\n<p><a href=\"https:\/\/anchor.fm\/americandragogyuniversity\"><img decoding=\"async\" loading=\"lazy\" class=\"alignnone wp-image-1008\" src=\"https:\/\/www.aauniv.com\/s\/blog\/wp-content\/uploads\/2020\/10\/podcasts-spotify-aau-min.png\" alt=\"podcasts-spotify-aau-min\" width=\"284\" height=\"69\" \/><\/a>[\/vc_column_text][\/vc_column_inner][\/vc_row_inner][\/vc_column][vc_column width=\u00bb2\/3&#8243;][vc_column_text css=\u00bb.vc_custom_1658727474018{margin-top: 0px !important;padding-top: 0px !important;}\u00bb]<\/p>\n<h2><\/h2>\n<h2><strong>ESCUELA DE INGENIER\u00cdAS<\/strong><\/h2>\n<p><a href=\"https:\/\/www.aauniv.com\/s\/doctorado-en-ingenieria-agro-ecologica\/\">Doctorado en Ingenier\u00eda Agro-ecol\u00f3gica<\/a><\/p>\n<p><a href=\"https:\/\/www.aauniv.com\/s\/doctorado-ingenieria-agro-industrial\/\">Doctorado en Ingenier\u00eda Agro-industrial<\/a><\/p>\n<p><a href=\"https:\/\/www.aauniv.com\/s\/doctorado-ingenieria-ambiental\/\">Doctoardo en Ingenier\u00eda Ambiental<\/a><\/p>\n<p><a href=\"https:\/\/www.aauniv.com\/s\/doctorado-en-ingenieria-automotriz\/\">Doctorado en Ingenier\u00eda Automotriz<\/a><\/p>\n<p><a href=\"https:\/\/www.aauniv.com\/s\/doctorado-en-informatica\/\">Doctorado en Ingenier\u00eda Inform\u00e1tica<\/a><\/p>\n<p><a href=\"https:\/\/www.aauniv.com\/s\/doctorado-en-ingenieria-cientifica\/\">Doctorado en Ingenier\u00eda Cient\u00edfica<\/a><\/p>\n<p><a href=\"https:\/\/www.aauniv.com\/s\/doctorado-ingenieria-civil\/\">Doctorado en Ingenier\u00eda Civil<\/a><\/p>\n<p><a href=\"https:\/\/www.aauniv.com\/s\/doctorado-investigacion-educativa\/\">Doctorado en Investigaci\u00f3n Educativa<\/a><\/p>\n<p><a href=\"https:\/\/www.aauniv.com\/s\/doctorado-ingenieria-electrica\/\">Doctorado en Ingenier\u00eda El\u00e9ctrica<\/a><\/p>\n<p><a href=\"https:\/\/www.aauniv.com\/s\/doctorado-en-ingenieria-electronica\/\">Doctorado en Ingenier\u00eda Electr\u00f3nica<\/a><\/p>\n<p><a href=\"https:\/\/www.aauniv.com\/s\/doctorado-ingenieria-forestal\/\">Doctorado en Ingenier\u00eda Forestal<\/a><\/p>\n<p><a href=\"https:\/\/www.aauniv.com\/s\/doctorado-en-ingenieria-hidraulica\/\">Doctorado en Ingenier\u00eda Hidr\u00e1ulica<\/a><\/p>\n<p><a href=\"https:\/\/www.aauniv.com\/s\/doctorado-ingenieria-industrial\/\">Doctorado en Ingenier\u00eda Industrial<\/a><\/p>\n<p><a href=\"https:\/\/www.aauniv.com\/s\/doctorado-ingenieria-quimica\/\">Doctorado en Ingenier\u00eda Qu\u00edmica<\/a><\/p>\n<p><a href=\"https:\/\/www.aauniv.com\/s\/doctorado-en-ingenieria-sanitaria\/\">Doctorado en Ingenier\u00eda Sanitaria<\/a><\/p>\n<p><a href=\"https:\/\/www.aauniv.com\/s\/doctorado-en-ingenieria-textil\/\">Doctorado en Ingenier\u00eda Textil<\/a><\/p>\n<p><a href=\"https:\/\/www.aauniv.com\/s\/doctorado-en-ingenieria-en-alimentos\/\">Doctorado en Ingenier\u00eda en Alimentos<\/a><\/p>\n<p><a href=\"https:\/\/www.aauniv.com\/s\/doctorado-ingenieria-mecanica\/\">Doctorado en Ingenier\u00eda Mec\u00e1nica<\/a><\/p>\n<p><a href=\"https:\/\/www.aauniv.com\/s\/doctorado-en-ingenieria-minera\/\">Doctorado en Ingenier\u00eda Minera<\/a><\/p>\n<p><a href=\"https:\/\/www.aauniv.com\/s\/doctorado-ingenieria-petrolera\/\">Doctorado en Ingenier\u00eda Petrolera<\/a><\/p>\n<p>Doctorado en Ingenier\u00eda en Seguridad Industrial<\/p>\n<p>Doctorado en Ingenier\u00eda en Seguridad Laboral<\/p>\n<p><a href=\"https:\/\/www.aauniv.com\/s\/doctorado-ingenieria-sistemas\/\">Doctorado en Ingenier\u00eda de Sistemas<\/a><\/p>\n<p><a href=\"https:\/\/www.aauniv.com\/s\/doctorado-ingenieria-telecomunicacion\/\">Doctorado en Ingenier\u00eda de Telecomunicaciones<\/a><\/p>\n<p>&nbsp;<\/p>\n<p>[\/vc_column_text][vc_separator color=\u00bbcustom\u00bb accent_color=\u00bb#e3ad24&#8243;][vc_column_text][\/vc_column_text][\/vc_column][\/vc_row]<\/p>\n<\/section>","protected":false},"excerpt":{"rendered":"<p>[vc_row gap=\u00bb30&#8243; css=\u00bb.vc_custom_1496762549335{padding-top: 80px !important;padding-bottom: 10px !important;}\u00bb][vc_column width=\u00bb1\/3&#8243;][vc_row_inner css=\u00bb.vc_custom_1496761117343{margin-bottom: 10px !important;border-bottom-width: 1px !important;padding-bottom: 0px !important;background-color: #eeeeee !important;border-bottom-color: #dddddd !important;border-bottom-style: solid !important;}\u00bb][vc_column_inner width=\u00bb1\/4&#8243; css=\u00bb.vc_custom_1496762853974{margin-bottom: 0px !important;padding-bottom: 0px<span class=\"excerpt-hellip\"> [\u2026]<\/span><\/p>\n","protected":false},"author":1,"featured_media":0,"parent":491,"menu_order":0,"comment_status":"open","ping_status":"closed","template":"","meta":{"footnotes":""},"yoast_head":"<!-- This site is optimized with the Yoast SEO plugin v22.6 - https:\/\/yoast.com\/wordpress\/plugins\/seo\/ -->\n<title>Escuela de Ingenier\u00edas | Doctorados y Posdoctorados 100% online | AAU<\/title>\n<meta name=\"description\" content=\"Escuela de Ingenier\u00edas en American Andragogy University EEUU. Doctorados y Posdoctorados online y en espa\u00f1ol. Aplica para una beca del 50%!. Programa de estudio a distancia. Carreras de estudio a distancia.\" \/>\n<meta name=\"robots\" content=\"index, follow, max-snippet:-1, max-image-preview:large, max-video-preview:-1\" \/>\n<link rel=\"canonical\" href=\"https:\/\/www.aauniv.com\/s\/doctorados-pos-doctorados\/escuela-de-ingenierias\/\" \/>\n<meta property=\"og:locale\" content=\"es_ES\" \/>\n<meta property=\"og:type\" content=\"article\" \/>\n<meta property=\"og:title\" content=\"Escuela de Ingenier\u00edas | Doctorados y Posdoctorados 100% online | AAU\" \/>\n<meta property=\"og:description\" content=\"Escuela de Ingenier\u00edas en American Andragogy University EEUU. Doctorados y Posdoctorados online y en espa\u00f1ol. Aplica para una beca del 50%!. Programa de estudio a distancia. Carreras de estudio a distancia.\" \/>\n<meta property=\"og:url\" content=\"https:\/\/www.aauniv.com\/s\/doctorados-pos-doctorados\/escuela-de-ingenierias\/\" \/>\n<meta property=\"article:modified_time\" content=\"2022-07-25T05:38:00+00:00\" \/>\n<meta property=\"og:image\" content=\"https:\/\/www.aauniv.com\/s\/wp-content\/uploads\/plan-de-estudio-licenciatura-online.jpg\" \/>\n\t<meta property=\"og:image:width\" content=\"650\" \/>\n\t<meta property=\"og:image:height\" content=\"181\" \/>\n\t<meta property=\"og:image:type\" content=\"image\/jpeg\" \/>\n<meta name=\"twitter:card\" content=\"summary_large_image\" \/>\n<meta name=\"twitter:label1\" content=\"Tiempo de lectura\" \/>\n\t<meta name=\"twitter:data1\" content=\"2 minutos\" \/>\n<script type=\"application\/ld+json\" class=\"yoast-schema-graph\">{\"@context\":\"https:\/\/schema.org\",\"@graph\":[{\"@type\":\"WebPage\",\"@id\":\"https:\/\/www.aauniv.com\/s\/doctorados-pos-doctorados\/escuela-de-ingenierias\/\",\"url\":\"https:\/\/www.aauniv.com\/s\/doctorados-pos-doctorados\/escuela-de-ingenierias\/\",\"name\":\"Escuela de Ingenier\u00edas | Doctorados y Posdoctorados 100% online | AAU\",\"isPartOf\":{\"@id\":\"https:\/\/www.aauniv.com\/s\/#website\"},\"primaryImageOfPage\":{\"@id\":\"https:\/\/www.aauniv.com\/s\/doctorados-pos-doctorados\/escuela-de-ingenierias\/#primaryimage\"},\"image\":{\"@id\":\"https:\/\/www.aauniv.com\/s\/doctorados-pos-doctorados\/escuela-de-ingenierias\/#primaryimage\"},\"thumbnailUrl\":\"https:\/\/www.aauniv.com\/s\/wp-content\/uploads\/icon-whatsapp.png\",\"datePublished\":\"2022-07-15T21:43:05+00:00\",\"dateModified\":\"2022-07-25T05:38:00+00:00\",\"description\":\"Escuela de Ingenier\u00edas en American Andragogy University EEUU. Doctorados y Posdoctorados online y en espa\u00f1ol. Aplica para una beca del 50%!. Programa de estudio a distancia. Carreras de estudio a distancia.\",\"breadcrumb\":{\"@id\":\"https:\/\/www.aauniv.com\/s\/doctorados-pos-doctorados\/escuela-de-ingenierias\/#breadcrumb\"},\"inLanguage\":\"es\",\"potentialAction\":[{\"@type\":\"ReadAction\",\"target\":[\"https:\/\/www.aauniv.com\/s\/doctorados-pos-doctorados\/escuela-de-ingenierias\/\"]}]},{\"@type\":\"ImageObject\",\"inLanguage\":\"es\",\"@id\":\"https:\/\/www.aauniv.com\/s\/doctorados-pos-doctorados\/escuela-de-ingenierias\/#primaryimage\",\"url\":\"https:\/\/www.aauniv.com\/s\/wp-content\/uploads\/icon-whatsapp.png\",\"contentUrl\":\"https:\/\/www.aauniv.com\/s\/wp-content\/uploads\/icon-whatsapp.png\",\"width\":15,\"height\":15},{\"@type\":\"BreadcrumbList\",\"@id\":\"https:\/\/www.aauniv.com\/s\/doctorados-pos-doctorados\/escuela-de-ingenierias\/#breadcrumb\",\"itemListElement\":[{\"@type\":\"ListItem\",\"position\":1,\"name\":\"Portada\",\"item\":\"https:\/\/www.aauniv.com\/s\/\"},{\"@type\":\"ListItem\",\"position\":2,\"name\":\"Doctorados \/ Pos-Doctorados\",\"item\":\"https:\/\/www.aauniv.com\/s\/doctorados-pos-doctorados\/\"},{\"@type\":\"ListItem\",\"position\":3,\"name\":\"Escuela de Ingenier\u00edas\"}]},{\"@type\":\"WebSite\",\"@id\":\"https:\/\/www.aauniv.com\/s\/#website\",\"url\":\"https:\/\/www.aauniv.com\/s\/\",\"name\":\"\",\"description\":\"\",\"publisher\":{\"@id\":\"https:\/\/www.aauniv.com\/s\/#organization\"},\"potentialAction\":[{\"@type\":\"SearchAction\",\"target\":{\"@type\":\"EntryPoint\",\"urlTemplate\":\"https:\/\/www.aauniv.com\/s\/?s={search_term_string}\"},\"query-input\":\"required name=search_term_string\"}],\"inLanguage\":\"es\"},{\"@type\":\"Organization\",\"@id\":\"https:\/\/www.aauniv.com\/s\/#organization\",\"name\":\"American Andragogy University\",\"url\":\"https:\/\/www.aauniv.com\/s\/\",\"logo\":{\"@type\":\"ImageObject\",\"inLanguage\":\"es\",\"@id\":\"https:\/\/www.aauniv.com\/s\/#\/schema\/logo\/image\/\",\"url\":\"https:\/\/www.aauniv.com\/s\/wp-content\/uploads\/logo-american-andragogy-university.png\",\"contentUrl\":\"https:\/\/www.aauniv.com\/s\/wp-content\/uploads\/logo-american-andragogy-university.png\",\"width\":395,\"height\":79,\"caption\":\"American Andragogy University\"},\"image\":{\"@id\":\"https:\/\/www.aauniv.com\/s\/#\/schema\/logo\/image\/\"}}]}<\/script>\n<!-- \/ Yoast SEO plugin. -->","yoast_head_json":{"title":"Escuela de Ingenier\u00edas | Doctorados y Posdoctorados 100% online | AAU","description":"Escuela de Ingenier\u00edas en American Andragogy University EEUU. Doctorados y Posdoctorados online y en espa\u00f1ol. Aplica para una beca del 50%!. Programa de estudio a distancia. Carreras de estudio a distancia.","robots":{"index":"index","follow":"follow","max-snippet":"max-snippet:-1","max-image-preview":"max-image-preview:large","max-video-preview":"max-video-preview:-1"},"canonical":"https:\/\/www.aauniv.com\/s\/doctorados-pos-doctorados\/escuela-de-ingenierias\/","og_locale":"es_ES","og_type":"article","og_title":"Escuela de Ingenier\u00edas | Doctorados y Posdoctorados 100% online | AAU","og_description":"Escuela de Ingenier\u00edas en American Andragogy University EEUU. Doctorados y Posdoctorados online y en espa\u00f1ol. Aplica para una beca del 50%!. Programa de estudio a distancia. Carreras de estudio a distancia.","og_url":"https:\/\/www.aauniv.com\/s\/doctorados-pos-doctorados\/escuela-de-ingenierias\/","article_modified_time":"2022-07-25T05:38:00+00:00","og_image":[{"width":650,"height":181,"url":"https:\/\/www.aauniv.com\/s\/wp-content\/uploads\/plan-de-estudio-licenciatura-online.jpg","type":"image\/jpeg"}],"twitter_card":"summary_large_image","twitter_misc":{"Tiempo de lectura":"2 minutos"},"schema":{"@context":"https:\/\/schema.org","@graph":[{"@type":"WebPage","@id":"https:\/\/www.aauniv.com\/s\/doctorados-pos-doctorados\/escuela-de-ingenierias\/","url":"https:\/\/www.aauniv.com\/s\/doctorados-pos-doctorados\/escuela-de-ingenierias\/","name":"Escuela de Ingenier\u00edas | Doctorados y Posdoctorados 100% online | AAU","isPartOf":{"@id":"https:\/\/www.aauniv.com\/s\/#website"},"primaryImageOfPage":{"@id":"https:\/\/www.aauniv.com\/s\/doctorados-pos-doctorados\/escuela-de-ingenierias\/#primaryimage"},"image":{"@id":"https:\/\/www.aauniv.com\/s\/doctorados-pos-doctorados\/escuela-de-ingenierias\/#primaryimage"},"thumbnailUrl":"https:\/\/www.aauniv.com\/s\/wp-content\/uploads\/icon-whatsapp.png","datePublished":"2022-07-15T21:43:05+00:00","dateModified":"2022-07-25T05:38:00+00:00","description":"Escuela de Ingenier\u00edas en American Andragogy University EEUU. Doctorados y Posdoctorados online y en espa\u00f1ol. Aplica para una beca del 50%!. Programa de estudio a distancia. Carreras de estudio a distancia.","breadcrumb":{"@id":"https:\/\/www.aauniv.com\/s\/doctorados-pos-doctorados\/escuela-de-ingenierias\/#breadcrumb"},"inLanguage":"es","potentialAction":[{"@type":"ReadAction","target":["https:\/\/www.aauniv.com\/s\/doctorados-pos-doctorados\/escuela-de-ingenierias\/"]}]},{"@type":"ImageObject","inLanguage":"es","@id":"https:\/\/www.aauniv.com\/s\/doctorados-pos-doctorados\/escuela-de-ingenierias\/#primaryimage","url":"https:\/\/www.aauniv.com\/s\/wp-content\/uploads\/icon-whatsapp.png","contentUrl":"https:\/\/www.aauniv.com\/s\/wp-content\/uploads\/icon-whatsapp.png","width":15,"height":15},{"@type":"BreadcrumbList","@id":"https:\/\/www.aauniv.com\/s\/doctorados-pos-doctorados\/escuela-de-ingenierias\/#breadcrumb","itemListElement":[{"@type":"ListItem","position":1,"name":"Portada","item":"https:\/\/www.aauniv.com\/s\/"},{"@type":"ListItem","position":2,"name":"Doctorados \/ Pos-Doctorados","item":"https:\/\/www.aauniv.com\/s\/doctorados-pos-doctorados\/"},{"@type":"ListItem","position":3,"name":"Escuela de Ingenier\u00edas"}]},{"@type":"WebSite","@id":"https:\/\/www.aauniv.com\/s\/#website","url":"https:\/\/www.aauniv.com\/s\/","name":"","description":"","publisher":{"@id":"https:\/\/www.aauniv.com\/s\/#organization"},"potentialAction":[{"@type":"SearchAction","target":{"@type":"EntryPoint","urlTemplate":"https:\/\/www.aauniv.com\/s\/?s={search_term_string}"},"query-input":"required name=search_term_string"}],"inLanguage":"es"},{"@type":"Organization","@id":"https:\/\/www.aauniv.com\/s\/#organization","name":"American Andragogy University","url":"https:\/\/www.aauniv.com\/s\/","logo":{"@type":"ImageObject","inLanguage":"es","@id":"https:\/\/www.aauniv.com\/s\/#\/schema\/logo\/image\/","url":"https:\/\/www.aauniv.com\/s\/wp-content\/uploads\/logo-american-andragogy-university.png","contentUrl":"https:\/\/www.aauniv.com\/s\/wp-content\/uploads\/logo-american-andragogy-university.png","width":395,"height":79,"caption":"American Andragogy University"},"image":{"@id":"https:\/\/www.aauniv.com\/s\/#\/schema\/logo\/image\/"}}]}},"_links":{"self":[{"href":"https:\/\/www.aauniv.com\/s\/wp-json\/wp\/v2\/pages\/13638"}],"collection":[{"href":"https:\/\/www.aauniv.com\/s\/wp-json\/wp\/v2\/pages"}],"about":[{"href":"https:\/\/www.aauniv.com\/s\/wp-json\/wp\/v2\/types\/page"}],"author":[{"embeddable":true,"href":"https:\/\/www.aauniv.com\/s\/wp-json\/wp\/v2\/users\/1"}],"replies":[{"embeddable":true,"href":"https:\/\/www.aauniv.com\/s\/wp-json\/wp\/v2\/comments?post=13638"}],"version-history":[{"count":3,"href":"https:\/\/www.aauniv.com\/s\/wp-json\/wp\/v2\/pages\/13638\/revisions"}],"predecessor-version":[{"id":13696,"href":"https:\/\/www.aauniv.com\/s\/wp-json\/wp\/v2\/pages\/13638\/revisions\/13696"}],"up":[{"embeddable":true,"href":"https:\/\/www.aauniv.com\/s\/wp-json\/wp\/v2\/pages\/491"}],"wp:attachment":[{"href":"https:\/\/www.aauniv.com\/s\/wp-json\/wp\/v2\/media?parent=13638"}],"curies":[{"name":"wp","href":"https:\/\/api.w.org\/{rel}","templated":true}]}}